-5b4b9
Convert 1011111010000100101100 (base 2) to base 9.
5776740
22031222010 (base 4) to base 9
5030606
-6017170 (base 8) to base 6
-53513520
632a (base 16) to base 7
134004
Convert -21200332332 (base 4) to base 5.
-1114310043
303408 (base 10) to base 13
a8141
-688203 (base 9) to base 15
-82489
-23505211 (base 6) to base 4
-2310220213
What is b98c1 (base 13) in base 16?
51e5d
Convert -3294 (base 11) to base 15.
-1443
Convert 88fd0c (base 16) to base 4.
202033310030
Convert 3073d6 (base 16) to base 11.
1879791
1010101001010101010001 (base 2) to base 6
135452025
2313002240 (base 5) to base 9
10710705
-153db1 (base 14) to base 11
-466670
-53998 (base 14) to base 16
-315e2
Convert -11744252 (base 10) to base 11.
-66a16a3
What is -cb1a2c (base 14) in base 4?
-122033332320
Convert 4d6d67 (base 15) to base 7.
43416160
-13c00 (base 16) to base 13
-2aa8a
Convert 2e8bc3 (base 16) to base 9.
5658362
Convert -10641 (base 13) to base 8.
-71674
1100001102 (base 3) to base 4
12122222
What is 10674b0 (base 13) in base 16?
4c8365
-37251 (base 12) to base 10
-74653
Convert -110010111000001 (base 2) to base 10.
-26049
What is ca2188 (base 14) in base 16?
686dcc
1223142021 (base 5) to base 9
5475508
-1001101011101101 (base 2) to base 9
-60357
Convert -1f45e9 (base 16) to base 9.
-3763356
6184c7 (base 14) to base 13
8b192c
Convert -113c78 (base 13) to base 4.
-1203233330
What is 21104204 (base 5) in base 3?
22220211000
a0a673 (base 12) to base 2
1001100011111100110111
Convert -220002212110 (base 3) to base 15.
-958c3
What is -150843 (base 11) in base 9?
-387652
Convert 2202221201001 (base 3) to base 16.
1682d1
-54511 (base 6) to base 7
-30646
Convert 100321302 (base 4) to base 10.
69234
-102212111011110 (base 3) to base 7
-104422062
Convert d6d6 (base 14) to base 5.
2141121
e87b8 (base 16) to base 5
220432443
What is 834fd (base 16) in base 8?
2032375
40254414 (base 6) to base 14
21a682
What is -169937 (base 15) in base 8?
-4133631
-1674a8 (base 11) to base 8
-771400
cabaa (base 13) to base 3
200122000112
What is 1939760 (base 11) in base 16?
32040b
-1bca79 (base 14) to base 10
-995395
Convert -23a0cb (base 15) to base 11.
-a64736
Convert -222ac1 (base 15) to base 6.
-54530301
-450571 (base 8) to base 12
-73b09
100210010112 (base 4) to base 16
424116
What is -2986821 (base 10) in base 5?
-1231034241
-371cce (base 15) to base 9
-4861635
132210212 (base 4) to base 12
60572
Convert 167474 (base 9) to base 15.
20bc4
Convert 333637 (base 9) to base 2.
110000101101110001
Convert -112100121100 (base 3) to base 9.
-470540
Convert -31417753 (base 8) to base 15.
-8c30e8
-1487462 (base 9) to base 15
-114958
Convert 60900 (base 14) to base 3.
102210121020
What is -a4b81b (base 12) in base 2?
-1001111000101011010111
-26330 (base 12) to base 9
-78670
Convert -617421 (base 9) to base 3.
-200121110201
What is 4c5b43 (base 14) in base 11?
1535694
23202101022 (base 4) to base 5
1233231241
-153274 (base 10) to base 14
-3dc02
Convert -36b9c4 (base 16) to base 2.
-1101101011100111000100
842e (base 15) to base 16
6d28
What is -790a05 (base 13) in base 7?
-33201523
110101000000100110 (base 2) to base 13
77aa0
-214052434 (base 7) to base 9
-26134517
116453106 (base 7) to base 3
111212122222200
Convert -858ca (base 16) to base 8.
-2054312
What is -1112120101120 (base 3) in base 12?
-335613
What is 232431003 (base 5) in base 7?
12010253
-1150332 (base 7) to base 13
-51984
What is -352213 (base 8) in base 4?
-131102023
37696 (base 12) to base 15
1748c
Convert 1340102343 (base 5) to base 14.
657ddb
What is -1640047 (base 8) in base 7?
-4016231
1011010101101110001 (base 2) to base 13
100183
What is 5227683 (base 9) in base 12?
b28b49
Convert -13830428 (base 9) to base 14.
-cab781
1102022121012 (base 3) to base 14
158c11
Convert -11010000011100111100 (base 2) to base 16.
-d073c
-112111202122010 (base 3) to base 9
-15452563
What is 4142034 (base 6) in base 7?
1462126
Convert -1404360 (base 9) to base 7.
-6360243
What is -1ba263 (base 14) in base 12?
-3b7b3b
What is 190415 (base 16) in base 7?
16635503
Convert -100311130130 (base 4) to base 14.
-82c456
What is 13330222 (base 5) in base 16?
21478
Convert 100110101000011011 (base 2) to base 11.
a8980
What is -27e18 (base 15) in base 2?
-11111010000110000
Convert -444765 (base 8) to base 15.
-2e6a5
-46322 (base 11) to base 12
-328a1
4925 (base 11) to base 3
22211112
What is 2a70033 (base 11) in base 14?
9ab719
What is -1111000111111011101 (base 2) in base 9?
-834725
Convert -23133143 (base 5) to base 9.
-347060
Convert -12300423 (base 6) to base 11.
-251089
What is 26aa49 (base 11) in base 5?
102041041
Convert -1baa19 (base 13) to base 9.
-1300680
21614 (base 9) to base 5
424400
Convert -18f24a (base 16) to base 3.
-10002001122111
Convert 279a8a (base 12) to base 9.
1215207
10032130301 (base 4) to base 16
10e731
Convert -15597819 (base 10) to base 14.
-210049d
Convert 3150010 (base 7) to base 14.
9d1b0
13104101 (base 6) to base 7
3433336
-3310120311 (base 4) to base 2
-11110100011000110101
-4012043444 (base 5) to base 6
-441505122
What is -32021223133 (base 4) in base 10?
-3709663
6d4d1 (base 16) to base 2
1101101010011010001
What is 1101111100100101100 (base 2) in base 12?
1a0578
1253063 (base 8) to base 4
1111120303
Convert 122012221211 (base 3) to base 6.
11133121
What is 44401 (base 13) in base 5?
12424314
9825 (base 15) to base 14
ba4a
What is -8821016 (base 9) in base 5?
-2203102121
-1090a27 (base 15) to base 6
-1101542201
Convert 815920 (base 12) to base 4.
13231133220
3135b49 (base 12) to base 9
18412683
1c7a0 (base 14) to base 5
4312411
Convert -4226133 (base 8) to base 3.
-2010011211222
Convert -22b473 (base 12) to base 4.
-2020123113
Convert 110100010110001 (base 2) to base 4.
12202301
What is -67270 (base 13) in base 5?
-21442144
Convert -128033 (base 10) to base 7.
-1042163
What is -12020011002120 (base 3) in base 4?
-22212102300
Convert 434113043 (base 5) to base 2.
111000110111101100011
Convert -1244022 (base 5) to base 7.
-132362
Convert -1000311210333 (base 4) to base 12.
-5838053
Convert 1140403402 (base 5) to base 14.
4d6a71
Convert 2222012011010 (base 3) to base 4.
12001112130
-24690 (base 12) to base 9
-74630
200212001021 (base 3) to base 8
1324627
3343333020 (base 5) to base 4
130033030110
30213011 (base 4) to base 5
3123103
-1510477 (base 10) to base 3
-2211201222121
What is 25026 (base 9) in base 6?
205423
What is -6524163 (base 8) in base 13?
-492282
Convert 202232101101 (base 4) to base 6.
523032453
What is -2125053 (base 6) in base 15?
-210b3
What is 22020111 (base 3) in base 12?
3587
-311200202 (base 5) to base 9
-2347672
-10535150 (base 6) to base 15
-65e50
What is -1b8b4 (base 12) in base 9?
-62251
4866403 (base 11) to base 14
11a7135
What is -231db (base 14) in base 5?
-10213303
Convert 11110111111011101101001 (base 2) to base 10.
8124265
Convert -3313342 (base 6) to base 9.
-271758
Convert 57323 (base 9) to base 11.
26752
-106a052 (base 13) to base 5
-2241121322
What is -140540 (base 7) in base 16?
-683c
1051a0 (base 11) to base 9
275326
Convert -13002300033 (base 4) to base 6.
-103323343
What is -35653262 (base 7) in base 16?
-306a1c
What is 23772 (base 16) in base 5?
14122031
Convert 3442402 (base 9) to base 6.
103500215
What is 104336 (base 14) in base 15?
acbe1
892794 (base 10) to base 7
10405620
-101001110110100010110110 (base 2) to base 9
-22571733
Convert -1ccca0 (base 14) to base 10.
-1034236
-203122320232 (base 4) to base 8
-43327056
What is 110111100110000100 (base 2) in base 10?
227716
What is 60506 (base 8) in base 7?
132413
What is -d79aa (base 14) in base 5?
-113124110
Convert -5208b (base 14) to base 16.
-3043b
What is -108101 (base 11) in base 8?
-517455
-10110001000112 (base 3) to base 14
-359526
-1235115145 (base 6) to base 12
-4a42ab5
What is -2556708 (base 9) in base 2?
-101010100110010101001
What is -8919 (base 14) in base 6?
-301523
Convert 3682bb (base 12) to base 4.
3120012233
Convert -50603b (base 12) to base 13.
-34c06a
56821 (base 15) to base 3
111222111211
Convert -20023000111 (base 4) to base 3.
-11000211120211
What is -415108 (base 9) in base 14?
-65b87
-10a7554 (base 11) to base 4
-13112230100
What is -1030132212 (base 5) in base 15?
-2d4ac2
What is 15404212 (base 6) in base 5?
11